te the remainder when 35304 is divided by 1840.
344
What is the remainder when 577525 is divided by 2382?
1081
What is the remainder when 10929461 is divided by 117?
23
Calculate the remainder when 552050 is divided by 3306.
3254
What is the remainder when 20498324 is divided by 10249158?
8
Calculate the remainder when 12282699 is divided by 429.
0
Calculate the remainder when 422018 is divided by 2527.
9
Calculate the remainder when 43934 is divided by 2191.
114
Calculate the remainder when 1326236 is divided by 6759.
1472
Calculate the remainder when 156546 is divided by 37971.
4662
What is the remainder when 9114783 is divided by 103?
4
What is the remainder when 1050712 is divided by 1422?
1276
What is the remainder when 4292903 is divided by 1848?
1847
What is the remainder when 1430724 is divided by 22011?
9
Calculate the remainder when 956470 is divided by 159368.
262
Calculate the remainder when 329465489 is divided by 91.
80
Calculate the remainder when 1819399 is divided by 7.
1
What is the remainder when 910362 is divided by 2014?
34
Calculate the remainder when 363161 is divided by 90779.
45
What is the remainder when 1411196477 is divided by 4528?
4525
Calculate the remainder when 11363894 is divided by 28.
10
Calculate the remainder when 277224011 is divided by 17.
13
Calculate the remainder when 8017245 is divided by 29.
21
What is the remainder when 434996 is divided by 144985?
41
What is the remainder when 12323862 is divided by 961?
959
What is the remainder when 114091 is divided by 16141?
1104
Calculate the remainder when 82304626 is divided by 5144039.
2
What is the remainder when 1751043620 is divided by 10568?
10564
What is the remainder when 65614523 is divided by 49?
44
What is the remainder when 3376 is divided by 419?
24
What is the remainder when 6582 is divided by 2379?
1824
What is the remainder when 1008304 is divided by 63018?
16
What is the remainder when 167346 is divided by 1985?
606
What is the remainder when 1976692 is divided by 5972?
5932
Calculate the remainder when 23076920 is divided by 11780.
11680
Calculate the remainder when 1752822 is divided by 1108.
1074
What is the remainder when 1393142 is divided by 1748?
1734
Calculate the remainder when 11715525 is divided by 199.
196
What is the remainder when 350160373 is divided by 175080183?
7
What is the remainder when 65509 is divided by 4074?
325
Calculate the remainder when 1979333 is divided by 463.
8
Calculate the remainder when 29471 is divided by 1922.
641
Calculate the remainder when 884461769 is divided by 17.
15
What is the remainder when 428188053 is divided by 1132?
1129
What is the remainder when 183322 is divided by 61052?
166
Calculate the remainder when 7631358 is divided by 1384.
1366
Calculate the remainder when 1414697 is divided by 50524.
25
What is the remainder when 13101 is divided by 12988?
113
Calculate the remainder when 200149 is divided by 4084.
33
Calculate the remainder when 2494957 is divided by 383.
95
Calculate the remainder when 18315780 is divided by 2232.
2220
What is the remainder when 5244 is divided by 1806?
1632
What is the remainder when 4322381 is divided by 1440686?
323
What is the remainder when 14193294 is divided by 676?
674
Calculate the remainder when 70624934 is divided by 215.
14
What is the remainder when 7144661 is divided by 236?
233
What is the remainder when 173678 is divided by 2545?
618
Calculate the remainder when 1092125 is divided by 3717.
3044
What is the remainder when 369468 is divided by 1380?
1008
What is the remainder when 26539 is divided by 8527?
958
Calculate the remainder when 1444090 is divided by 879.
772
Calculate the remainder when 892296 is divided by 4998.
2652
What is the remainder when 112719 is divided by 7042?
47
Calculate the remainder when 615913 is divided by 1711.
1664
What is the remainder when 612403 is divided by 1149?
1135
Calculate the remainder when 56769066 is divided by 2428.
2426
Calculate the remainder when 749872 is divided by 7.
4
Calculate the remainder when 1150589 is divided by 575197.
195
What is the remainder when 1850110 is divided by 61670?
10
Calculate the remainder when 1541685 is divided by 1417.
1406
What is the remainder when 36110 is divided by 35352?
758
What is the remainder when 21245 is divided by 2225?
1220
What is the remainder when 12945804 is divided by 117?
105
What is the remainder when 2518213 is divided by 47513?
24
Calculate the remainder when 56647641 is divided by 947.
942
Calculate the remainder when 21013049 is divided by 5281.
5231
What is the remainder when 119430 is divided by 4782?
4662
What is the remainder when 115642 is divided by 6800?
42
Calculate the remainder when 94262 is divided by 13465.
7
What is the remainder when 6917956 is divided by 4668?
4648
Calculate the remainder when 627146 is divided by 390.
26
What is the remainder when 103328 is divided by 194?
120
Calculate the remainder when 67641140 is divided by 104.
60
What is the remainder when 210094 is divided by 2082?
1894
What is the remainder when 35722652 is divided by 142?
138
Calculate the remainder when 10068 is divided by 5004.
60
What is the remainder when 539937 is divided by 99?
90
What is the remainder when 660102 is divided by 8251?
22
What is the remainder when 91297 is divided by 4232?
2425
Calculate the remainder when 20850 is divided by 10270.
310
What is the remainder when 22900990 is divided by 27928?
30
What is the remainder when 200655332 is divided by 26?
20
What is the remainder when 6286719 is divided by 264?
87
What is the remainder when 8258005 is divided by 2064495?
25
What is the remainder when 1404148 is divided by 760?
428
Calculate the remainder when 43892623 is divided by 272.
255
Calculate the remainder when 16376 is divided by 1093.
1074
Calculate the remainder when 12237 is divided by 5890.
457
What is the remainder when 83459 is divided by 76811?
6648
What is the remainder when 29967 is divided by 4984?
63
What is the remainder when 640236 is divided by 29096?
124
Calculate the remainder when 20278286 is divided by 878.
876
What is the remainder when 232483 is divided by 13?
4
What is the remainder when 8442869 is divided by 61?
42
What is the remainder when 19543866 is divided by 1021?
905
What is the remainder when 373068 is divided by 35?
3
What is the remainder when 2312854 is divided by 124?
6
What is the remainder when 3390 is divided by 3208?
182
What is the remainder when 4373656 is divided by 1399?
382
What is the remainder when 250185 is divided by 202?
109
What is the remainder when 28565878 is divided by 1736?
1734
Calculate the remainder when 571068 is divided by 571068.
0
Calculate the remainder when 105342 is divided by 1145.
2
Calculate the remainder when 2648946 is divided by 882862.
360
What is the remainder when 200533 is divided by 1126?
105
Calculate the remainder when 546320 is divided by 273111.
98
What is the remainder when 13841 is divided by 1197?
674
Calculate the remainder when 735156 is divided by 5881.
31
What is the remainder when 3577379 is divided by 78?
65
What is the remainder when 266805 is divided by 982?
683
Calculate the remainder when 135039 is divided by 33746.
55
Calculate the remainder when 5563459 is divided by 16.
3
What is the remainder when 368935 is divided by 30738?
79
What is the remainder when 8666 is divided by 6929?
1737
What is the remainder when 878998 is divided by 439480?
38
Calculate the remainder when 5669310 is divided by 1501.
33
Calculate the remainder when 2575082 is divided by 135528.
50
Calculate the remainder when 520185 is divided by 23.
17
Calculate the remainder when 7364208 is divided by 1472839.
13
What is the remainder when 733872009 is divided by 1370?
1369
Calculate the remainder when 186576 is divided by 3577.
572
What is the remainder when 24522767 is divided by 352?
335
Calculate the remainder when 83911218 is divided by 233.
229
What is the remainder when 487422 is divided by 201?
198
What is the remainder when 4244550 is divided by 17612?
58
What is the remainder when 4579850 is divided by 381653?
14
What is the remainder when 14581310 is divided by 21763?
100
What is the remainder when 34806729 is divided by 35?
34
Calculate the remainder when